{"id":733,"date":"2018-11-14T23:42:44","date_gmt":"2018-11-14T22:42:44","guid":{"rendered":"http:\/\/kristalstaklo.com\/kuhinje-tus-kabine\/?page_id=733"},"modified":"2018-11-14T23:42:44","modified_gmt":"2018-11-14T22:42:44","slug":"zidne-obloge","status":"publish","type":"page","link":"https:\/\/kristalstaklo.com\/kuhinje-tus-kabine\/zidne-obloge\/","title":{"rendered":"Zidne obloge"},"content":{"rendered":"\t\t<div class=\"sep-text single centered\">\n\t\t\t\t\t\t\t<span class=\"sep-text-before\"><div class=\"sep-text-line\"><\/div><\/span>\n\t\t\t\t\t\t<div class=\"content\">\n\t\t\t\t\t\t\t\t\t\n<h1 style=\"text-align: center;\">ZIDNE OBLOGE<\/h1>\n\t\t\t\t\t\t\t<\/div>\n\t\t\t<span class=\"sep-text-after\"><div class=\"sep-text-line\"><\/div><\/span>\n\t\t\t\t\t<\/div>\n\t\n<div class=\"push\" style='height:30px'><\/div>\n<p>Zidne obloge se izra\u0111uju isklju\u010divo od kaljenog stakla, po \u017eelji kupca mogu biti razli\u010ditih dimenzija, debljina i boja.<\/p>\n<p>U svakom slu\u010daju prilago\u0111ene enterijeru, mogu se montirati na razli\u010dite na\u010dine, lepljenjem na pripremljenu podlogu, specijalnim prihvatnicima-nosa\u010dima, inoks ili alu-ramu.<\/p>\n<p>&nbsp;<\/p>\n<!-- index.php -->\n<div\n\tclass=\"ngg-galleryoverview ngg-ajax-pagination-none\"\n\tid=\"ngg-gallery-40acaf28816ad27cea172feabd54d236-1\">\n\n    \t\t<!-- Thumbnails -->\n\t\t\t\t<div id=\"ngg-image-0\" class=\"ngg-gallery-thumbnail-box\" >\n\t\t\t\t        <div class=\"ngg-gallery-thumbnail\">\n            <a href=\"https:\/\/kristalstaklo.com\/kuhinje-tus-kabine\/wp-content\/gallery\/kuhinjske-ploce\/k1.jpg\"\n               title=\"Staklo za kuhinju plo\u010da\"\n               data-src=\"https:\/\/kristalstaklo.com\/kuhinje-tus-kabine\/wp-content\/gallery\/kuhinjske-ploce\/k1.jpg\"\n               data-thumbnail=\"https:\/\/kristalstaklo.com\/kuhinje-tus-kabine\/wp-content\/gallery\/kuhinjske-ploce\/thumbs\/thumbs_k1.jpg\"\n               data-image-id=\"134\"\n               data-title=\"Staklo za kuhinju plo\u010da\"\n               data-description=\"Staklo za kuhinju plo\u010da\"\n               data-image-slug=\"k1\"\n               class=\"ngg-fancybox\" rel=\"40acaf28816ad27cea172feabd54d236\">\n                <img\n                    title=\"Staklo za kuhinju plo\u010da\"\n                    alt=\"Staklo za kuhinju plo\u010da\"\n                    src=\"https:\/\/kristalstaklo.com\/kuhinje-tus-kabine\/wp-content\/gallery\/kuhinjske-ploce\/thumbs\/thumbs_k1.jpg\"\n                    width=\"240\"\n                    height=\"160\"\n                    style=\"max-width:100%;\"\n                \/>\n            <\/a>\n        <\/div>\n\t\t\t\t\t\t\t<\/div> \n\t\t\t\n        \n\t\t\t\t<div id=\"ngg-image-1\" class=\"ngg-gallery-thumbnail-box\" >\n\t\t\t\t        <div class=\"ngg-gallery-thumbnail\">\n            <a href=\"https:\/\/kristalstaklo.com\/kuhinje-tus-kabine\/wp-content\/gallery\/kuhinjske-ploce\/k5.jpg\"\n               title=\"Stakla za kuhinje radna plo\u010da\"\n               data-src=\"https:\/\/kristalstaklo.com\/kuhinje-tus-kabine\/wp-content\/gallery\/kuhinjske-ploce\/k5.jpg\"\n               data-thumbnail=\"https:\/\/kristalstaklo.com\/kuhinje-tus-kabine\/wp-content\/gallery\/kuhinjske-ploce\/thumbs\/thumbs_k5.jpg\"\n               data-image-id=\"135\"\n               data-title=\"Stakla za kuhinje radna plo\u010da\"\n               data-description=\"Stakla za kuhinje radna plo\u010da\"\n               data-image-slug=\"k5\"\n               class=\"ngg-fancybox\" rel=\"40acaf28816ad27cea172feabd54d236\">\n                <img\n                    title=\"Stakla za kuhinje radna plo\u010da\"\n                    alt=\"Stakla za kuhinje radna plo\u010da\"\n                    src=\"https:\/\/kristalstaklo.com\/kuhinje-tus-kabine\/wp-content\/gallery\/kuhinjske-ploce\/thumbs\/thumbs_k5.jpg\"\n                    width=\"240\"\n                    height=\"160\"\n                    style=\"max-width:100%;\"\n                \/>\n            <\/a>\n        <\/div>\n\t\t\t\t\t\t\t<\/div> \n\t\t\t\n        \n\t\t\t\t<div id=\"ngg-image-2\" class=\"ngg-gallery-thumbnail-box\" >\n\t\t\t\t        <div class=\"ngg-gallery-thumbnail\">\n            <a href=\"https:\/\/kristalstaklo.com\/kuhinje-tus-kabine\/wp-content\/gallery\/kuhinjske-ploce\/k7.jpg\"\n               title=\"Stakla za kuhinje dekorativna radna plo\u010da\"\n               data-src=\"https:\/\/kristalstaklo.com\/kuhinje-tus-kabine\/wp-content\/gallery\/kuhinjske-ploce\/k7.jpg\"\n               data-thumbnail=\"https:\/\/kristalstaklo.com\/kuhinje-tus-kabine\/wp-content\/gallery\/kuhinjske-ploce\/thumbs\/thumbs_k7.jpg\"\n               data-image-id=\"136\"\n               data-title=\"Stakla za kuhinje dekorativna radna plo\u010da\"\n               data-description=\"Stakla za kuhinje dekorativna radna plo\u010da\"\n               data-image-slug=\"k7\"\n               class=\"ngg-fancybox\" rel=\"40acaf28816ad27cea172feabd54d236\">\n                <img\n                    title=\"Stakla za kuhinje dekorativna radna plo\u010da\"\n                    alt=\"Stakla za kuhinje dekorativna radna plo\u010da\"\n                    src=\"https:\/\/kristalstaklo.com\/kuhinje-tus-kabine\/wp-content\/gallery\/kuhinjske-ploce\/thumbs\/thumbs_k7.jpg\"\n                    width=\"240\"\n                    height=\"160\"\n                    style=\"max-width:100%;\"\n                \/>\n            <\/a>\n        <\/div>\n\t\t\t\t\t\t\t<\/div> \n\t\t\t\n        \n\t\t\t\t<div id=\"ngg-image-3\" class=\"ngg-gallery-thumbnail-box\" >\n\t\t\t\t        <div class=\"ngg-gallery-thumbnail\">\n            <a href=\"https:\/\/kristalstaklo.com\/kuhinje-tus-kabine\/wp-content\/gallery\/kuhinjske-ploce\/k10.jpg\"\n               title=\"Staklo za kuhinju\"\n               data-src=\"https:\/\/kristalstaklo.com\/kuhinje-tus-kabine\/wp-content\/gallery\/kuhinjske-ploce\/k10.jpg\"\n               data-thumbnail=\"https:\/\/kristalstaklo.com\/kuhinje-tus-kabine\/wp-content\/gallery\/kuhinjske-ploce\/thumbs\/thumbs_k10.jpg\"\n               data-image-id=\"137\"\n               data-title=\"Staklo za kuhinju\"\n               data-description=\"Staklo za kuhinju\"\n               data-image-slug=\"k10\"\n               class=\"ngg-fancybox\" rel=\"40acaf28816ad27cea172feabd54d236\">\n                <img\n                    title=\"Staklo za kuhinju\"\n                    alt=\"Staklo za kuhinju\"\n                    src=\"https:\/\/kristalstaklo.com\/kuhinje-tus-kabine\/wp-content\/gallery\/kuhinjske-ploce\/thumbs\/thumbs_k10.jpg\"\n                    width=\"240\"\n                    height=\"160\"\n                    style=\"max-width:100%;\"\n                \/>\n            <\/a>\n        <\/div>\n\t\t\t\t\t\t\t<\/div> \n\t\t\t\n        \n\t\t\n\t\t<!-- Pagination -->\n\t<div class='ngg-clear'><\/div>\t<\/div>\n\n","protected":false},"excerpt":{"rendered":"<p>Zidne obloge se izra\u0111uju isklju\u010divo od kaljenog stakla, po \u017eelji kupca mogu biti razli\u010ditih dimenzija, debljina i boja. U svakom slu\u010daju prilago\u0111ene enterijeru, mogu se montirati na razli\u010dite na\u010dine, lepljenjem na pripremljenu podlogu, specijalnim prihvatnicima-nosa\u010dima, inoks ili alu-ramu. &nbsp; &#8220; order_by=&#8220;sortorder&#8220; order_direction=&#8220;ASC&#8220; returns=&#8220;included&#8220; maximum_entity_count=&#8220;500&#8243;]<\/p>\n","protected":false},"author":1,"featured_media":0,"parent":0,"menu_order":0,"comment_status":"closed","ping_status":"closed","template":"","meta":{"ngg_post_thumbnail":0},"_links":{"self":[{"href":"https:\/\/kristalstaklo.com\/kuhinje-tus-kabine\/wp-json\/wp\/v2\/pages\/733"}],"collection":[{"href":"https:\/\/kristalstaklo.com\/kuhinje-tus-kabine\/wp-json\/wp\/v2\/pages"}],"about":[{"href":"https:\/\/kristalstaklo.com\/kuhinje-tus-kabine\/wp-json\/wp\/v2\/types\/page"}],"author":[{"embeddable":true,"href":"https:\/\/kristalstaklo.com\/kuhinje-tus-kabine\/wp-json\/wp\/v2\/users\/1"}],"replies":[{"embeddable":true,"href":"https:\/\/kristalstaklo.com\/kuhinje-tus-kabine\/wp-json\/wp\/v2\/comments?post=733"}],"version-history":[{"count":1,"href":"https:\/\/kristalstaklo.com\/kuhinje-tus-kabine\/wp-json\/wp\/v2\/pages\/733\/revisions"}],"predecessor-version":[{"id":757,"href":"https:\/\/kristalstaklo.com\/kuhinje-tus-kabine\/wp-json\/wp\/v2\/pages\/733\/revisions\/757"}],"wp:attachment":[{"href":"https:\/\/kristalstaklo.com\/kuhinje-tus-kabine\/wp-json\/wp\/v2\/media?parent=733"}],"curies":[{"name":"wp","href":"https:\/\/api.w.org\/{rel}","templated":true}]}}