{"id":649,"date":"2018-11-05T17:49:55","date_gmt":"2018-11-05T16:49:55","guid":{"rendered":"http:\/\/kristalstaklo.com\/kuhinje-tus-kabine\/?page_id=649"},"modified":"2018-11-14T23:24:22","modified_gmt":"2018-11-14T22:24:22","slug":"ograde-i-pregrade","status":"publish","type":"page","link":"https:\/\/kristalstaklo.com\/kuhinje-tus-kabine\/ograde-i-pregrade\/","title":{"rendered":"Ograde i pregrade"},"content":{"rendered":"\t\t<div class=\"sep-text single centered\">\n\t\t\t\t\t\t\t<span class=\"sep-text-before\"><div class=\"sep-text-line\"><\/div><\/span>\n\t\t\t\t\t\t<div class=\"content\">\n\t\t\t\t\t\t\t\t\t\n<h1 style=\"text-align: center;\">OGRADE I PREGRADE<\/h1>\n\t\t\t\t\t\t\t<\/div>\n\t\t\t<span class=\"sep-text-after\"><div class=\"sep-text-line\"><\/div><\/span>\n\t\t\t\t\t<\/div>\n\t\n<div class=\"push\" style='height:30px'><\/div>\n<p>Ograde i pregrade od stakla pogodne su za poslovne objekte, ali isto tako za porodi\u010dne domove gde \u017eelimo da odvojimo celine u jednom prostoru bez okvira.<\/p>\n<p><img loading=\"lazy\" class=\"aligncenter size-full wp-image-650\" src=\"https:\/\/kristalstaklo.com\/kuhinje-tus-kabine\/wp-content\/uploads\/2018\/11\/ograda1.jpg\" alt=\"\" width=\"1180\" height=\"380\" srcset=\"https:\/\/kristalstaklo.com\/kuhinje-tus-kabine\/wp-content\/uploads\/2018\/11\/ograda1.jpg 1180w, https:\/\/kristalstaklo.com\/kuhinje-tus-kabine\/wp-content\/uploads\/2018\/11\/ograda1-300x97.jpg 300w, https:\/\/kristalstaklo.com\/kuhinje-tus-kabine\/wp-content\/uploads\/2018\/11\/ograda1-1024x330.jpg 1024w, https:\/\/kristalstaklo.com\/kuhinje-tus-kabine\/wp-content\/uploads\/2018\/11\/ograda1-1140x367.jpg 1140w, https:\/\/kristalstaklo.com\/kuhinje-tus-kabine\/wp-content\/uploads\/2018\/11\/ograda1-555x179.jpg 555w, https:\/\/kristalstaklo.com\/kuhinje-tus-kabine\/wp-content\/uploads\/2018\/11\/ograda1-360x116.jpg 360w, https:\/\/kristalstaklo.com\/kuhinje-tus-kabine\/wp-content\/uploads\/2018\/11\/ograda1-262x84.jpg 262w\" sizes=\"(max-width: 1180px) 100vw, 1180px\" \/><\/p>\n<p>Koristi se (laminirano i kaljeno) sigurnosno staklo 8-19mm prema merama i zahtevima kupaca; mo\u017ee biti providno, matirano ili u boji.<\/p>\n<p>Dokazano je da dnevna svetlost ima zna\u010dajan uticaj na op\u0161te raspolo\u017eenje i zadovoljstvo, kao i da umanji neprihvatljivi nivo buke u radnoj sredini.<\/p>\n<p>Ograde mogu biti razli\u010ditih dimenzija ugra\u0111ene na vi\u0161e na\u010dina u zavisnosti od enterijera. Inoks stubovi, aluminijum, beton ili ostale strukture predvi\u0111ene projektom.<\/p>\n<!-- index.php -->\n<div\n\tclass=\"ngg-galleryoverview ngg-ajax-pagination-none\"\n\tid=\"ngg-gallery-037025d54da478f715bc20c00f31caee-1\">\n\n    \t\t<!-- Thumbnails -->\n\t\t\t\t<div id=\"ngg-image-0\" class=\"ngg-gallery-thumbnail-box\" >\n\t\t\t\t        <div class=\"ngg-gallery-thumbnail\">\n            <a href=\"https:\/\/kristalstaklo.com\/kuhinje-tus-kabine\/wp-content\/gallery\/ograde\/Dorma-mn-copy.jpg\"\n               title=\"\"\n               data-src=\"https:\/\/kristalstaklo.com\/kuhinje-tus-kabine\/wp-content\/gallery\/ograde\/Dorma-mn-copy.jpg\"\n               data-thumbnail=\"https:\/\/kristalstaklo.com\/kuhinje-tus-kabine\/wp-content\/gallery\/ograde\/thumbs\/thumbs_Dorma-mn-copy.jpg\"\n               data-image-id=\"118\"\n               data-title=\"Dorma-mn copy\"\n               data-description=\"\"\n               data-image-slug=\"dorma-mn-copy\"\n               class=\"ngg-fancybox\" rel=\"037025d54da478f715bc20c00f31caee\">\n                <img\n                    title=\"Dorma-mn copy\"\n                    alt=\"Dorma-mn copy\"\n                    src=\"https:\/\/kristalstaklo.com\/kuhinje-tus-kabine\/wp-content\/gallery\/ograde\/thumbs\/thumbs_Dorma-mn-copy.jpg\"\n                    width=\"240\"\n                    height=\"160\"\n                    style=\"max-width:100%;\"\n                \/>\n            <\/a>\n        <\/div>\n\t\t\t\t\t\t\t<\/div> \n\t\t\t\n        \n\t\t\t\t<div id=\"ngg-image-1\" class=\"ngg-gallery-thumbnail-box\" >\n\t\t\t\t        <div class=\"ngg-gallery-thumbnail\">\n            <a href=\"https:\/\/kristalstaklo.com\/kuhinje-tus-kabine\/wp-content\/gallery\/ograde\/ograda2.jpg\"\n               title=\"\"\n               data-src=\"https:\/\/kristalstaklo.com\/kuhinje-tus-kabine\/wp-content\/gallery\/ograde\/ograda2.jpg\"\n               data-thumbnail=\"https:\/\/kristalstaklo.com\/kuhinje-tus-kabine\/wp-content\/gallery\/ograde\/thumbs\/thumbs_ograda2.jpg\"\n               data-image-id=\"119\"\n               data-title=\"ograda2\"\n               data-description=\"\"\n               data-image-slug=\"ograda2\"\n               class=\"ngg-fancybox\" rel=\"037025d54da478f715bc20c00f31caee\">\n                <img\n                    title=\"ograda2\"\n                    alt=\"ograda2\"\n                    src=\"https:\/\/kristalstaklo.com\/kuhinje-tus-kabine\/wp-content\/gallery\/ograde\/thumbs\/thumbs_ograda2.jpg\"\n                    width=\"240\"\n                    height=\"160\"\n                    style=\"max-width:100%;\"\n                \/>\n            <\/a>\n        <\/div>\n\t\t\t\t\t\t\t<\/div> \n\t\t\t\n        \n\t\t\t\t<div id=\"ngg-image-2\" class=\"ngg-gallery-thumbnail-box\" >\n\t\t\t\t        <div class=\"ngg-gallery-thumbnail\">\n            <a href=\"https:\/\/kristalstaklo.com\/kuhinje-tus-kabine\/wp-content\/gallery\/ograde\/ograda3.jpg\"\n               title=\"\"\n               data-src=\"https:\/\/kristalstaklo.com\/kuhinje-tus-kabine\/wp-content\/gallery\/ograde\/ograda3.jpg\"\n               data-thumbnail=\"https:\/\/kristalstaklo.com\/kuhinje-tus-kabine\/wp-content\/gallery\/ograde\/thumbs\/thumbs_ograda3.jpg\"\n               data-image-id=\"120\"\n               data-title=\"ograda3\"\n               data-description=\"\"\n               data-image-slug=\"ograda3\"\n               class=\"ngg-fancybox\" rel=\"037025d54da478f715bc20c00f31caee\">\n                <img\n                    title=\"ograda3\"\n                    alt=\"ograda3\"\n                    src=\"https:\/\/kristalstaklo.com\/kuhinje-tus-kabine\/wp-content\/gallery\/ograde\/thumbs\/thumbs_ograda3.jpg\"\n                    width=\"240\"\n                    height=\"160\"\n                    style=\"max-width:100%;\"\n                \/>\n            <\/a>\n        <\/div>\n\t\t\t\t\t\t\t<\/div> \n\t\t\t\n        \n\t\t\t\t<div id=\"ngg-image-3\" class=\"ngg-gallery-thumbnail-box\" >\n\t\t\t\t        <div class=\"ngg-gallery-thumbnail\">\n            <a href=\"https:\/\/kristalstaklo.com\/kuhinje-tus-kabine\/wp-content\/gallery\/ograde\/pr3.jpg\"\n               title=\"\"\n               data-src=\"https:\/\/kristalstaklo.com\/kuhinje-tus-kabine\/wp-content\/gallery\/ograde\/pr3.jpg\"\n               data-thumbnail=\"https:\/\/kristalstaklo.com\/kuhinje-tus-kabine\/wp-content\/gallery\/ograde\/thumbs\/thumbs_pr3.jpg\"\n               data-image-id=\"121\"\n               data-title=\"pr3\"\n               data-description=\"\"\n               data-image-slug=\"pr3\"\n               class=\"ngg-fancybox\" rel=\"037025d54da478f715bc20c00f31caee\">\n                <img\n                    title=\"pr3\"\n                    alt=\"pr3\"\n                    src=\"https:\/\/kristalstaklo.com\/kuhinje-tus-kabine\/wp-content\/gallery\/ograde\/thumbs\/thumbs_pr3.jpg\"\n                    width=\"240\"\n                    height=\"160\"\n                    style=\"max-width:100%;\"\n                \/>\n            <\/a>\n        <\/div>\n\t\t\t\t\t\t\t<\/div> \n\t\t\t\n        \n\t\t\t\t<div id=\"ngg-image-4\" class=\"ngg-gallery-thumbnail-box\" >\n\t\t\t\t        <div class=\"ngg-gallery-thumbnail\">\n            <a href=\"https:\/\/kristalstaklo.com\/kuhinje-tus-kabine\/wp-content\/gallery\/ograde\/pr22.jpg\"\n               title=\"\"\n               data-src=\"https:\/\/kristalstaklo.com\/kuhinje-tus-kabine\/wp-content\/gallery\/ograde\/pr22.jpg\"\n               data-thumbnail=\"https:\/\/kristalstaklo.com\/kuhinje-tus-kabine\/wp-content\/gallery\/ograde\/thumbs\/thumbs_pr22.jpg\"\n               data-image-id=\"122\"\n               data-title=\"pr22\"\n               data-description=\"\"\n               data-image-slug=\"pr22\"\n               class=\"ngg-fancybox\" rel=\"037025d54da478f715bc20c00f31caee\">\n                <img\n                    title=\"pr22\"\n                    alt=\"pr22\"\n                    src=\"https:\/\/kristalstaklo.com\/kuhinje-tus-kabine\/wp-content\/gallery\/ograde\/thumbs\/thumbs_pr22.jpg\"\n                    width=\"240\"\n                    height=\"160\"\n                    style=\"max-width:100%;\"\n                \/>\n            <\/a>\n        <\/div>\n\t\t\t\t\t\t\t<\/div> \n\t\t\t\n        \n\t\t\t\t<div id=\"ngg-image-5\" class=\"ngg-gallery-thumbnail-box\" >\n\t\t\t\t        <div class=\"ngg-gallery-thumbnail\">\n            <a href=\"https:\/\/kristalstaklo.com\/kuhinje-tus-kabine\/wp-content\/gallery\/ograde\/shank_1.jpg\"\n               title=\"\"\n               data-src=\"https:\/\/kristalstaklo.com\/kuhinje-tus-kabine\/wp-content\/gallery\/ograde\/shank_1.jpg\"\n               data-thumbnail=\"https:\/\/kristalstaklo.com\/kuhinje-tus-kabine\/wp-content\/gallery\/ograde\/thumbs\/thumbs_shank_1.jpg\"\n               data-image-id=\"123\"\n               data-title=\"shank_1\"\n               data-description=\"\"\n               data-image-slug=\"shank_1\"\n               class=\"ngg-fancybox\" rel=\"037025d54da478f715bc20c00f31caee\">\n                <img\n                    title=\"shank_1\"\n                    alt=\"shank_1\"\n                    src=\"https:\/\/kristalstaklo.com\/kuhinje-tus-kabine\/wp-content\/gallery\/ograde\/thumbs\/thumbs_shank_1.jpg\"\n                    width=\"240\"\n                    height=\"160\"\n                    style=\"max-width:100%;\"\n                \/>\n            <\/a>\n        <\/div>\n\t\t\t\t\t\t\t<\/div> \n\t\t\t\n        \n\t\t\t\t<div id=\"ngg-image-6\" class=\"ngg-gallery-thumbnail-box\" >\n\t\t\t\t        <div class=\"ngg-gallery-thumbnail\">\n            <a href=\"https:\/\/kristalstaklo.com\/kuhinje-tus-kabine\/wp-content\/gallery\/ograde\/za-ogr1.jpg\"\n               title=\"\"\n               data-src=\"https:\/\/kristalstaklo.com\/kuhinje-tus-kabine\/wp-content\/gallery\/ograde\/za-ogr1.jpg\"\n               data-thumbnail=\"https:\/\/kristalstaklo.com\/kuhinje-tus-kabine\/wp-content\/gallery\/ograde\/thumbs\/thumbs_za-ogr1.jpg\"\n               data-image-id=\"124\"\n               data-title=\"za ogr1\"\n               data-description=\"\"\n               data-image-slug=\"za-ogr1\"\n               class=\"ngg-fancybox\" rel=\"037025d54da478f715bc20c00f31caee\">\n                <img\n                    title=\"za ogr1\"\n                    alt=\"za ogr1\"\n                    src=\"https:\/\/kristalstaklo.com\/kuhinje-tus-kabine\/wp-content\/gallery\/ograde\/thumbs\/thumbs_za-ogr1.jpg\"\n                    width=\"240\"\n                    height=\"160\"\n                    style=\"max-width:100%;\"\n                \/>\n            <\/a>\n        <\/div>\n\t\t\t\t\t\t\t<\/div> \n\t\t\t\n        \n\t\t\t\t<div id=\"ngg-image-7\" class=\"ngg-gallery-thumbnail-box\" >\n\t\t\t\t        <div class=\"ngg-gallery-thumbnail\">\n            <a href=\"https:\/\/kristalstaklo.com\/kuhinje-tus-kabine\/wp-content\/gallery\/ograde\/za-ogr2.jpg\"\n               title=\"\"\n               data-src=\"https:\/\/kristalstaklo.com\/kuhinje-tus-kabine\/wp-content\/gallery\/ograde\/za-ogr2.jpg\"\n               data-thumbnail=\"https:\/\/kristalstaklo.com\/kuhinje-tus-kabine\/wp-content\/gallery\/ograde\/thumbs\/thumbs_za-ogr2.jpg\"\n               data-image-id=\"125\"\n               data-title=\"za ogr2\"\n               data-description=\"\"\n               data-image-slug=\"za-ogr2\"\n               class=\"ngg-fancybox\" rel=\"037025d54da478f715bc20c00f31caee\">\n                <img\n                    title=\"za ogr2\"\n                    alt=\"za ogr2\"\n                    src=\"https:\/\/kristalstaklo.com\/kuhinje-tus-kabine\/wp-content\/gallery\/ograde\/thumbs\/thumbs_za-ogr2.jpg\"\n                    width=\"240\"\n                    height=\"160\"\n                    style=\"max-width:100%;\"\n                \/>\n            <\/a>\n        <\/div>\n\t\t\t\t\t\t\t<\/div> \n\t\t\t\n        \n\t\t\n\t\t<!-- Pagination -->\n\t<div class='ngg-clear'><\/div>\t<\/div>\n\n","protected":false},"excerpt":{"rendered":"<p>Ograde i pregrade od stakla pogodne su za poslovne objekte, ali isto tako za porodi\u010dne domove gde \u017eelimo da odvojimo celine u jednom prostoru bez okvira. Koristi se (laminirano i kaljeno) sigurnosno staklo 8-19mm prema merama i zahtevima kupaca; mo\u017ee biti providno, matirano ili u boji. Dokazano je da dnevna svetlost ima zna\u010dajan uticaj na&#8230;<\/p>\n","protected":false},"author":1,"featured_media":0,"parent":0,"menu_order":0,"comment_status":"closed","ping_status":"closed","template":"","meta":{"ngg_post_thumbnail":0},"_links":{"self":[{"href":"https:\/\/kristalstaklo.com\/kuhinje-tus-kabine\/wp-json\/wp\/v2\/pages\/649"}],"collection":[{"href":"https:\/\/kristalstaklo.com\/kuhinje-tus-kabine\/wp-json\/wp\/v2\/pages"}],"about":[{"href":"https:\/\/kristalstaklo.com\/kuhinje-tus-kabine\/wp-json\/wp\/v2\/types\/page"}],"author":[{"embeddable":true,"href":"https:\/\/kristalstaklo.com\/kuhinje-tus-kabine\/wp-json\/wp\/v2\/users\/1"}],"replies":[{"embeddable":true,"href":"https:\/\/kristalstaklo.com\/kuhinje-tus-kabine\/wp-json\/wp\/v2\/comments?post=649"}],"version-history":[{"count":2,"href":"https:\/\/kristalstaklo.com\/kuhinje-tus-kabine\/wp-json\/wp\/v2\/pages\/649\/revisions"}],"predecessor-version":[{"id":730,"href":"https:\/\/kristalstaklo.com\/kuhinje-tus-kabine\/wp-json\/wp\/v2\/pages\/649\/revisions\/730"}],"wp:attachment":[{"href":"https:\/\/kristalstaklo.com\/kuhinje-tus-kabine\/wp-json\/wp\/v2\/media?parent=649"}],"curies":[{"name":"wp","href":"https:\/\/api.w.org\/{rel}","templated":true}]}}