{"id":8,"date":"2017-04-05T17:20:10","date_gmt":"2017-04-05T15:20:10","guid":{"rendered":"http:\/\/kristalstaklo.com\/kuhinje-tus-kabine\/?page_id=8"},"modified":"2021-06-14T12:45:06","modified_gmt":"2021-06-14T10:45:06","slug":"pocetna","status":"publish","type":"page","link":"http:\/\/kristalstaklo.com\/kuhinje-tus-kabine\/","title":{"rendered":"Po\u010detna"},"content":{"rendered":"<p>&nbsp;<\/p>\n<div class=\"push\" style='height:30px'><\/div>\n\t\t<div class=\"sep-text single centered\">\n\t\t\t\t\t\t\t<span class=\"sep-text-before\"><div class=\"sep-text-line\"><\/div><\/span>\n\t\t\t\t\t\t<div class=\"content\">\n\t\t\t\t\t\t\t\t\t\n<h1 style=\"text-align: center;\">STAKLENE TU\u0160 KABINE<\/h1>\n\t\t\t\t\t\t\t<\/div>\n\t\t\t<span class=\"sep-text-after\"><div class=\"sep-text-line\"><\/div><\/span>\n\t\t\t\t\t<\/div>\n\t\n\t\t<div class=\"sep-text single centered\">\n\t\t\t\t\t\t\t<span class=\"sep-text-before\"><div class=\"sep-text-line\"><\/div><\/span>\n\t\t\t\t\t\t<div class=\"content\">\n\t\t\t\t\t\t\t\t\t\n<h1 style=\"text-align: center;\"><strong>STAKLA ZA KUHINJE<\/strong><\/h1>\n\t\t\t\t\t\t\t<\/div>\n\t\t\t<span class=\"sep-text-after\"><div class=\"sep-text-line\"><\/div><\/span>\n\t\t\t\t\t<\/div>\n\t\n<div class=\"push\" style='height:30px'><\/div>\n<div class=\"row \"><div class=\"wpv-grid grid-1-4  wpv-first-level first unextended animation-zoom-in animated-active\" style=\"padding-top:0px;padding-bottom:0px\" id=\"wpv-column-f451032a4f44e4e2eacfcf33a7faaf3f\" ><div class=\"services clearfix smallimage has-image has-icon has-button \" style=\"text-align:center;\">\n\t<div class=\"services-inside\">\n\t\t\t\t\t\t\t\t\t<div class=\"shrinking-outer clearfix\">\n\t\t\t\t\t<div class=\"shrinking\" style=\"background: no-repeat 50% 50%;background-image:url(&#039;https:\/\/kristalstaklo.com\/kuhinje-tus-kabine\/wp-content\/uploads\/2018\/09\/vizija.png&#039;)\">\n\t\t\t\t\t\t\t\t\t\t\t\t\t<a href=\"#\" title=\"\">\n\t\t\t\t\t\t\t\t\t\t\t\t\t\t\t\t\t\t\t\t\t\t\t\t\t<\/a>\n\t\t\t\t\t\t\t\t\t\t\t<\/div>\n\t\t\t\t<\/div>\n\t\t\t\t\t\t\t\t\t\t<h4 class=\"services-title\">\n\t\t\t\t\t\t\t\t\t<a href=\"#\" title=\"NOVA VIZIJA STAKLA\">NOVA VIZIJA STAKLA<\/a>\n\t\t\t\t\t\t\t<\/h4>\n\t\t\t\t\t\t\t<div class=\"services-content\">\nNova vizija obrade stakla.<\/div>\n\t\t\t\t\t<\/div>\n<\/div>\n<\/div>\n<div class=\"wpv-grid grid-1-4  wpv-first-level unextended animation-zoom-in animated-active\" style=\"padding-top:0px;padding-bottom:0px\" id=\"wpv-column-1a52c4fa6548bc7a6a9ad5544b7989c4\" ><div class=\"services clearfix smallimage has-image has-icon has-button \" style=\"text-align:center;\">\n\t<div class=\"services-inside\">\n\t\t\t\t\t\t\t\t\t<div class=\"shrinking-outer clearfix\">\n\t\t\t\t\t<div class=\"shrinking\" style=\"background: no-repeat 50% 50%;background-image:url(&#039;https:\/\/kristalstaklo.com\/kuhinje-tus-kabine\/wp-content\/uploads\/2017\/04\/drustvenizivot1.jpg&#039;)\">\n\t\t\t\t\t\t\t\t\t\t\t\t\t<a href=\"#\" title=\"\">\n\t\t\t\t\t\t\t\t\t\t\t\t\t\t\t\t\t\t\t\t\t\t\t\t\t<\/a>\n\t\t\t\t\t\t\t\t\t\t\t<\/div>\n\t\t\t\t<\/div>\n\t\t\t\t\t\t\t\t\t\t<h4 class=\"services-title\">\n\t\t\t\t\t\t\t\t\t<a href=\"#\" title=\"KREATIVNI PRISTUP\">KREATIVNI PRISTUP<\/a>\n\t\t\t\t\t\t\t<\/h4>\n\t\t\t\t\t\t\t<div class=\"services-content\">\nKreativnost je na\u0161a ja\u010da strana!<\/div>\n\t\t\t\t\t<\/div>\n<\/div>\n<\/div>\n<div class=\"wpv-grid grid-1-4  wpv-first-level unextended animation-zoom-in animated-active\" style=\"padding-top:0px;padding-bottom:0px\" id=\"wpv-column-60ac251cbab0f438422f8341cb5d71a3\" ><div class=\"services clearfix smallimage has-image has-icon has-button \" style=\"text-align:center;\">\n\t<div class=\"services-inside\">\n\t\t\t\t\t\t\t\t\t<div class=\"shrinking-outer clearfix\">\n\t\t\t\t\t<div class=\"shrinking\" style=\"background: no-repeat 50% 50%;background-image:url(&#039;https:\/\/kristalstaklo.com\/kuhinje-tus-kabine\/wp-content\/uploads\/2018\/09\/strategija.png&#039;)\">\n\t\t\t\t\t\t\t\t\t\t\t\t\t<a href=\"#\" title=\"\">\n\t\t\t\t\t\t\t\t\t\t\t\t\t\t\t\t\t\t\t\t\t\t\t\t\t<\/a>\n\t\t\t\t\t\t\t\t\t\t\t<\/div>\n\t\t\t\t<\/div>\n\t\t\t\t\t\t\t\t\t\t<h4 class=\"services-title\">\n\t\t\t\t\t\t\t\t\t<a href=\"#\" title=\"POSLOVNA STRATEGIJA\">POSLOVNA STRATEGIJA<\/a>\n\t\t\t\t\t\t\t<\/h4>\n\t\t\t\t\t\t\t<div class=\"services-content\">\nPa\u017eljivo se planira svaki korak.<\/div>\n\t\t\t\t\t<\/div>\n<\/div>\n<\/div>\n<div class=\"wpv-grid grid-1-4  wpv-first-level unextended animation-zoom-in animated-active\" style=\"padding-top:0px;padding-bottom:0px\" id=\"wpv-column-4c913a2cf4e43cd11d16962dc477b342\" ><div class=\"services clearfix smallimage has-image has-icon has-button \" style=\"text-align:center;\">\n\t<div class=\"services-inside\">\n\t\t\t\t\t\t\t\t\t<div class=\"shrinking-outer clearfix\">\n\t\t\t\t\t<div class=\"shrinking\" style=\"background: no-repeat 50% 50%;background-image:url(&#039;https:\/\/kristalstaklo.com\/kuhinje-tus-kabine\/wp-content\/uploads\/2017\/04\/kuca.jpg&#039;)\">\n\t\t\t\t\t\t\t\t\t\t\t\t\t<a href=\"#\" title=\"\">\n\t\t\t\t\t\t\t\t\t\t\t\t\t\t\t\t\t\t\t\t\t\t\t\t\t<\/a>\n\t\t\t\t\t\t\t\t\t\t\t<\/div>\n\t\t\t\t<\/div>\n\t\t\t\t\t\t\t\t\t\t<h4 class=\"services-title\">\n\t\t\t\t\t\t\t\t\t<a href=\"#\" title=\"LOGISTIKA PARTNERIMA\">LOGISTIKA PARTNERIMA<\/a>\n\t\t\t\t\t\t\t<\/h4>\n\t\t\t\t\t\t\t<div class=\"services-content\">\nKompletna podr\u0161ka, klju\u010d u ruke \ud83d\ude09<\/div>\n\t\t\t\t\t<\/div>\n<\/div>\n<\/div><\/div>\n<div class=\"push\" style='height:60px'><\/div>\n<div class=\"row \"><div class=\"wpv-grid grid-1-1  wpv-first-level parallax-bg first has-background extended\" style=\"background-color:#efefef;padding-top:20px;padding-bottom:20px\" id=\"wpv-column-abda783d6c39f1dec225c39abbf6308b\"  data-parallax-method=\"to-centre\" data-parallax-inertia=\"-0.2\"><div class=\"extended-column-inner\"><style>#wpv-column-abda783d6c39f1dec225c39abbf6308b p,#wpv-column-abda783d6c39f1dec225c39abbf6308b .column-title,#wpv-column-abda783d6c39f1dec225c39abbf6308b .sep-text h2.regular-title-wrapper,#wpv-column-abda783d6c39f1dec225c39abbf6308b .text-divider-double,#wpv-column-abda783d6c39f1dec225c39abbf6308b .sep-text .sep-text-line,#wpv-column-abda783d6c39f1dec225c39abbf6308b .sep,#wpv-column-abda783d6c39f1dec225c39abbf6308b .sep-2,#wpv-column-abda783d6c39f1dec225c39abbf6308b .sep-3{color:#707070;}#wpv-column-abda783d6c39f1dec225c39abbf6308b:before{background-color:transparent;}<\/style>\t\t<div class=\"sep-text single centered\">\n\t\t\t\t\t\t\t<span class=\"sep-text-before\"><div class=\"sep-text-line\"><\/div><\/span>\n\t\t\t\t\t\t<div class=\"content\">\n\t\t\t\t\t\t\t\t\t\n<h2 style=\"text-align: center;\">STAKLENE TU\u0160 KABINE I STAKLA ZA KUHINJE<\/h2>\n\t\t\t\t\t\t\t<\/div>\n\t\t\t<span class=\"sep-text-after\"><div class=\"sep-text-line\"><\/div><\/span>\n\t\t\t\t\t<\/div>\n\t\n<div class=\"row \"><div class=\"wpv-grid grid-2-5  first unextended animation-from-left animated-active\" style=\"padding-top:0px;padding-bottom:0px\" id=\"wpv-column-2e99dbe4a6b0dd6e2977b857a87a5c05\" ><p><img loading=\"lazy\" class=\"size-full wp-image-418\" title=\"Stakla za kuhinje\" src=\"https:\/\/kristalstaklo.com\/kuhinje-tus-kabine\/wp-content\/uploads\/2018\/09\/staklo-za-kuhinju2.jpg\" alt=\"Stakla za kuhinje\" width=\"451\" height=\"334\" srcset=\"http:\/\/kristalstaklo.com\/kuhinje-tus-kabine\/wp-content\/uploads\/2018\/09\/staklo-za-kuhinju2.jpg 451w, http:\/\/kristalstaklo.com\/kuhinje-tus-kabine\/wp-content\/uploads\/2018\/09\/staklo-za-kuhinju2-300x222.jpg 300w, http:\/\/kristalstaklo.com\/kuhinje-tus-kabine\/wp-content\/uploads\/2018\/09\/staklo-za-kuhinju2-360x267.jpg 360w, http:\/\/kristalstaklo.com\/kuhinje-tus-kabine\/wp-content\/uploads\/2018\/09\/staklo-za-kuhinju2-262x194.jpg 262w\" sizes=\"(max-width: 451px) 100vw, 451px\" \/><\/div>\n<div class=\"wpv-grid grid-3-5  unextended animation-from-right animated-active\" style=\"padding-top:10px;padding-bottom:0px\" id=\"wpv-column-8737edc87854e2a97f1693c255fcb2ed\" ><p>MNOGIM VARIJACIJAMA NA TEMU OBRADE STAKALA SMO DOKAZALI KVALITET<\/p>\n<p><strong>STAKLO KRISTAL<\/strong> je osnovan 1995 godine, kao zanatska radnja za pru\u017eanje stakloreza\u010dkih usluga. Dugogodi\u0161njim radom i investiranjem prerasli smo u firmu koja snabdeva veliki broj klijenata.<\/p>\n<p>Stakla za kuhinje i staklene tu\u0161 kabine pravog kvaliteta. Kristal staklo, kaljene staklene tu\u0161 kabine, staklo za kuhinju, izrada staklenih tu\u0161 kabina po meri, tu\u0161 vrata, staklene prgrade, stakleni zidovi&#8230;<\/p>\n<p>Kristal staklo je novi pravac u ure\u0111enju enterijera u Srbiji. Bavimo se izradom stakla za kuhinje, staklene tu\u0161 kabine vrhunskog kvaliteta, laminirano staklo, pancirno staklo za kuhinje, fasade ograde, stepenista kuhinjske, ploce vrata izlozi\u2026<\/p>\n<p>Nama je sasvim dovoljno da ste vi kao klijent zadovoljni uradjenim poslom.<\/p>\n<a href=\"https:\/\/kristalstaklo.com\/kuhinje-tus-kabine\/o-nama\/\" target=\"_self\" style='font-size: 16px;' class=\"button vamtam-button accent1  button-border hover-accent1 \"><span class=\"btext\">Vi\u0161e o nama<\/span><\/a><\/div><\/div><\/div><\/div><\/div>\n<div class=\"push\" style='height:60px'><\/div>\n\t\t<div class=\"sep-text single centered\">\n\t\t\t\t\t\t\t<span class=\"sep-text-before\"><div class=\"sep-text-line\"><\/div><\/span>\n\t\t\t\t\t\t<div class=\"content\">\n\t\t\t\t<h2 class=\"regular-title-wrapper\">\t\t\t\t\t\nKLIJENTI\t\t\t\t<\/h2>\t\t\t<\/div>\n\t\t\t<span class=\"sep-text-after\"><div class=\"sep-text-line\"><\/div><\/span>\n\t\t\t\t\t<\/div>\n\t\n<div class=\"row \"><div class=\"wpv-grid grid-1-1  wpv-first-level first unextended animation-zoom-in animated-active\" style=\"padding-top:0px;padding-bottom:0px\" id=\"wpv-column-5cb6d618c7e8b35c53df9e012d7a6fd7\" ><p>\t\t\t\t<style>\t\t\t\n\t\t\t#wpls-logo-showcase-slider-1 .wpls-fix-box,\n\t\t\t#wpls-logo-showcase-slider-1 .wpls-fix-box img.wp-post-image{max-height:250px; }\n\t\t<\/style>\n\t\t<div class=\"wpls-logo-showcase-slider-wrp wpls-logo-clearfix \" data-conf=\"{&quot;slides_column&quot;:4,&quot;slides_scroll&quot;:1,&quot;dots&quot;:&quot;true&quot;,&quot;arrows&quot;:&quot;true&quot;,&quot;autoplay&quot;:&quot;true&quot;,&quot;autoplay_interval&quot;:2000,&quot;loop&quot;:&quot;true&quot;,&quot;rtl&quot;:&quot;false&quot;,&quot;speed&quot;:1000,&quot;center_mode&quot;:&quot;false&quot;,&quot;lazyload&quot;:&quot;&quot;}\">\n\t\t\t<div class=\"wpls-logo-showcase logo_showcase wpls-logo-slider  wpls-design-1  sliderimage_hide_border \" id=\"wpls-logo-showcase-slider-1\" >\n\t\t\t\t\n<div class=\"wpls-logo-cnt\">\n\t<div class=\"wpls-fix-box\">\n\t\t\t\t\t<a href=\"http:\/\/www.kombank.com\/en\" target=\"_self\">\n\t\t\t\t<img class=\"wp-post-image\"  src=\"http:\/\/kristalstaklo.com\/kuhinje-tus-kabine\/wp-content\/uploads\/2018\/09\/komercijalna-banka-logo.jpg\" title=\"komercijalna-banka-logo\" alt=\"\" \/>\n\t\t\t<\/a>\n\t\t\t<\/div>\n\t<\/div>\n<div class=\"wpls-logo-cnt\">\n\t<div class=\"wpls-fix-box\">\n\t\t\t\t\t<a href=\"http:\/\/www.hotelmoskva.rs\/en\/\" target=\"_self\">\n\t\t\t\t<img class=\"wp-post-image\"  src=\"http:\/\/kristalstaklo.com\/kuhinje-tus-kabine\/wp-content\/uploads\/2018\/09\/hotel-moskva-logo.jpg\" title=\"hotel-moskva-logo\" alt=\"\" \/>\n\t\t\t<\/a>\n\t\t\t<\/div>\n\t<\/div>\n<div class=\"wpls-logo-cnt\">\n\t<div class=\"wpls-fix-box\">\n\t\t\t\t\t<a href=\"http:\/\/pks.rs\/\" target=\"_self\">\n\t\t\t\t<img class=\"wp-post-image\"  src=\"http:\/\/kristalstaklo.com\/kuhinje-tus-kabine\/wp-content\/uploads\/2018\/09\/privredna-komora-srbije-logo.jpg\" title=\"privredna-komora-srbije-logo\" alt=\"\" \/>\n\t\t\t<\/a>\n\t\t\t<\/div>\n\t<\/div>\n<div class=\"wpls-logo-cnt\">\n\t<div class=\"wpls-fix-box\">\n\t\t\t\t\t<img class=\"wp-post-image\"  src=\"http:\/\/kristalstaklo.com\/kuhinje-tus-kabine\/wp-content\/uploads\/2018\/09\/pireus-banka-logo.jpg\" title=\"pireus-banka-logo\" alt=\"\" \/>\n\t\t\t<\/div>\n\t<\/div>\n<div class=\"wpls-logo-cnt\">\n\t<div class=\"wpls-fix-box\">\n\t\t\t\t\t<a href=\"http:\/\/www.toyota-centar.rs\/\" target=\"_self\">\n\t\t\t\t<img class=\"wp-post-image\"  src=\"http:\/\/kristalstaklo.com\/kuhinje-tus-kabine\/wp-content\/uploads\/2018\/09\/toyota-logo.jpg\" title=\"toyota-logo\" alt=\"\" \/>\n\t\t\t<\/a>\n\t\t\t<\/div>\n\t<\/div>\n<div class=\"wpls-logo-cnt\">\n\t<div class=\"wpls-fix-box\">\n\t\t\t\t\t<img class=\"wp-post-image\"  src=\"http:\/\/kristalstaklo.com\/kuhinje-tus-kabine\/wp-content\/uploads\/2018\/09\/heiniken-logo.jpg\" title=\"heiniken-logo\" alt=\"\" \/>\n\t\t\t<\/div>\n\t<\/div>\n<div class=\"wpls-logo-cnt\">\n\t<div class=\"wpls-fix-box\">\n\t\t\t\t\t<a href=\"https:\/\/www.squarenine.rs\/\" target=\"_self\">\n\t\t\t\t<img class=\"wp-post-image\"  src=\"http:\/\/kristalstaklo.com\/kuhinje-tus-kabine\/wp-content\/uploads\/2018\/09\/square-nine-logo2.jpg\" title=\"square-nine-logo2\" alt=\"\" \/>\n\t\t\t<\/a>\n\t\t\t<\/div>\n\t<\/div>\n<div class=\"wpls-logo-cnt\">\n\t<div class=\"wpls-fix-box\">\n\t\t\t\t\t<a href=\"http:\/\/eps.rs\/\" target=\"_self\">\n\t\t\t\t<img class=\"wp-post-image\"  src=\"http:\/\/kristalstaklo.com\/kuhinje-tus-kabine\/wp-content\/uploads\/2018\/09\/eps-logo.jpg\" title=\"eps-logo\" alt=\"\" \/>\n\t\t\t<\/a>\n\t\t\t<\/div>\n\t<\/div>\t\t\t<\/div>\n\t\t<\/div>\n\t\t\t\n\t\t<\/div><\/div>\n<div class=\"push\" style='height:60px'><\/div>\n<div class=\"row \"><div class=\"wpv-grid grid-1-1  wpv-first-level first unextended\" style=\"padding-top:0px;padding-bottom:0px\" id=\"wpv-column-8f6051451633042e5b41b412234de50d\" ><div class=\"row \"><div class=\"wpv-grid grid-1-3  first unextended animation-from-left animated-active\" style=\"padding-top:0px;padding-bottom:0px\" id=\"wpv-column-af592849efd641f2add5105907f783bd\" ><div class=\"services clearfix fullimage has-image no-icon no-button \" style=\"text-align:justify;\">\n\t<div class=\"services-inside\">\n\t\t\t\t\t\t\t\t\t<div class=\"thumbnail\">\n\t\t\t\t\t\t\t\t\t\t\t\t\t\t\t\t\t\t\t<img src=\"https:\/\/kristalstaklo.com\/kuhinje-tus-kabine\/wp-content\/uploads\/2018\/09\/garancija-kvaliteta-pecat.png\" alt=\"\" class='' \/>\n\t\t\t\t\t\t\t\t\t\t\t\t\t\t\t<\/div>\n\t\t\t\t\t\t\t\t\t\t\t\t<div class=\"services-content\">\n<\/div>\n\t\t\t\t\t<\/div>\n<\/div>\n<\/div>\n<div class=\"wpv-grid grid-1-3  unextended animation-zoom-in animated-active\" style=\"padding-top:0px;padding-bottom:0px\" id=\"wpv-column-ee828b8e9e401e1ba8918152cef867f2\" ><div class=\"services clearfix fullimage has-image no-icon no-button \" style=\"text-align:justify;\">\n\t<div class=\"services-inside\">\n\t\t\t\t\t\t\t\t\t<div class=\"thumbnail\">\n\t\t\t\t\t\t\t\t\t\t\t\t\t\t\t\t\t\t\t<img src=\"https:\/\/kristalstaklo.com\/kuhinje-tus-kabine\/wp-content\/uploads\/2018\/09\/najbolji-delovi-pecat.png\" alt=\"\" class='' \/>\n\t\t\t\t\t\t\t\t\t\t\t\t\t\t\t<\/div>\n\t\t\t\t\t\t\t\t\t\t\t\t<div class=\"services-content\">\n<\/div>\n\t\t\t\t\t<\/div>\n<\/div>\n<\/div>\n<div class=\"wpv-grid grid-1-3  unextended animation-from-right animated-active\" style=\"padding-top:0px;padding-bottom:0px\" id=\"wpv-column-fa4f57cdc4e4c5585526c646811a18e8\" ><div class=\"services clearfix fullimage has-image no-icon no-button \" style=\"text-align:justify;\">\n\t<div class=\"services-inside\">\n\t\t\t\t\t\t\t\t\t<div class=\"thumbnail\">\n\t\t\t\t\t\t\t\t\t\t\t\t\t\t\t\t\t\t\t<img src=\"https:\/\/kristalstaklo.com\/kuhinje-tus-kabine\/wp-content\/uploads\/2018\/09\/tradicija-pecat.png\" alt=\"\" class='' \/>\n\t\t\t\t\t\t\t\t\t\t\t\t\t\t\t<\/div>\n\t\t\t\t\t\t\t\t\t\t\t\t<div class=\"services-content\">\n<\/div>\n\t\t\t\t\t<\/div>\n<\/div>\n<\/div><\/div><\/div><\/div>\n<div class=\"push\" style='height:30px'><\/div>\n<div class=\"row \"><div class=\"wpv-grid grid-1-1  wpv-first-level first has-background extended\" style=\"background-color:#979797;padding-top:0px;padding-bottom:0px\" id=\"wpv-column-73dd6ea4345314085529238399bb0b5c\" ><div class=\"extended-column-inner\"><style>#wpv-column-73dd6ea4345314085529238399bb0b5c p,#wpv-column-73dd6ea4345314085529238399bb0b5c .column-title,#wpv-column-73dd6ea4345314085529238399bb0b5c .sep-text h2.regular-title-wrapper,#wpv-column-73dd6ea4345314085529238399bb0b5c .text-divider-double,#wpv-column-73dd6ea4345314085529238399bb0b5c .sep-text .sep-text-line,#wpv-column-73dd6ea4345314085529238399bb0b5c .sep,#wpv-column-73dd6ea4345314085529238399bb0b5c .sep-2,#wpv-column-73dd6ea4345314085529238399bb0b5c .sep-3{color:#fff;}#wpv-column-73dd6ea4345314085529238399bb0b5c:before{background-color:transparent;}<\/style>\t\t<div class=\"sep-text single centered\">\n\t\t\t\t\t\t\t<span class=\"sep-text-before\"><div class=\"sep-text-line\"><\/div><\/span>\n\t\t\t\t\t\t<div class=\"content\">\n\t\t\t\t<h2 class=\"regular-title-wrapper\">\t\t\t\t\t\nDRUGI O NAMA\t\t\t\t<\/h2>\t\t\t<\/div>\n\t\t\t<span class=\"sep-text-after\"><div class=\"sep-text-line\"><\/div><\/span>\n\t\t\t\t\t<\/div>\n\t\n<p><div class=\"wprev-no-slider\" id=\"wprev-slider-1\"><ul><style>#wprev-slider-1 .wprev_preview_bradius_T1 {border-radius: 0px;}#wprev-slider-1 .wprev_preview_tcolor1_T1 {color:#000000;}#wprev-slider-1 .wprev_preview_bg1_T1::after{ border-top: 30px solid ; }<\/style><style><\/style>\t\t<div class=\"wprevpro_t1_outer_div w3_wprs-row-padding\">\r\n\t\t\t\t<div class=\"wprevpro_t1_DIV_1 w3_wprs-col l3\">\r\n\t\t\t<div class=\"wprevpro_t1_DIV_2 wprev_preview_bg1_T1 wprev_preview_bradius_T1\">\r\n\t\t\t\t<p class=\"wprevpro_t1_P_3 wprev_preview_tcolor1_T1\">\r\n\t\t\t\t\t<span class=\"wprevpro_star_imgs_T1\"><img src=\"http:\/\/kristalstaklo.com\/kuhinje-tus-kabine\/wp-content\/plugins\/wp-google-places-review-slider\/public\/partials\/imgs\/stars_5_yellow.png\" alt=\"5 star review\" class=\"wprevpro_t1_star_img_file\">&nbsp;&nbsp;<\/span>\t\t\t\t<\/p>\r\n\t\t\t\t\t\t\t<\/div><span class=\"wprevpro_t1_A_8\"><img src=\"https:\/\/lh3.googleusercontent.com\/a-\/AAuE7mBkmHUIn2eyKKjW1F5bwO4cSXFmbVdkTiIuAbsD7A=s128-c0x00000000-cc-rp-mo?sz=100\" alt=\"thumb\" class=\"wprevpro_t1_IMG_4\" loading=\"lazy\" \/><\/span> <span class=\"wprevpro_t1_SPAN_5 wprev_preview_tcolor2_T1\">Mihalj Ronto<br\/><span class=\"wprev_showdate_T1\"><\/span> <\/span>\r\n\t\t<\/div>\r\n\t\t\t<div class=\"wprevpro_t1_DIV_1 w3_wprs-col l3\">\r\n\t\t\t<div class=\"wprevpro_t1_DIV_2 wprev_preview_bg1_T1 wprev_preview_bradius_T1\">\r\n\t\t\t\t<p class=\"wprevpro_t1_P_3 wprev_preview_tcolor1_T1\">\r\n\t\t\t\t\t<span class=\"wprevpro_star_imgs_T1\"><img src=\"http:\/\/kristalstaklo.com\/kuhinje-tus-kabine\/wp-content\/plugins\/wp-google-places-review-slider\/public\/partials\/imgs\/stars_5_yellow.png\" alt=\"5 star review\" class=\"wprevpro_t1_star_img_file\">&nbsp;&nbsp;<\/span>\t\t\t\t<\/p>\r\n\t\t\t\t\t\t\t<\/div><span class=\"wprevpro_t1_A_8\"><img src=\"https:\/\/lh4.ggpht.com\/-TNx6u4unYbM\/AAAAAAAAAAI\/AAAAAAAAAAA\/6whXP_SnJGY\/s128-c0x00000000-cc-rp-mo\/photo.jpg?sz=100\" alt=\"thumb\" class=\"wprevpro_t1_IMG_4\" loading=\"lazy\" \/><\/span> <span class=\"wprevpro_t1_SPAN_5 wprev_preview_tcolor2_T1\">ljubomir pajovic<br\/><span class=\"wprev_showdate_T1\"><\/span> <\/span>\r\n\t\t<\/div>\r\n\t\t\t<div class=\"wprevpro_t1_DIV_1 w3_wprs-col l3\">\r\n\t\t\t<div class=\"wprevpro_t1_DIV_2 wprev_preview_bg1_T1 wprev_preview_bradius_T1\">\r\n\t\t\t\t<p class=\"wprevpro_t1_P_3 wprev_preview_tcolor1_T1\">\r\n\t\t\t\t\t<span class=\"wprevpro_star_imgs_T1\"><img src=\"http:\/\/kristalstaklo.com\/kuhinje-tus-kabine\/wp-content\/plugins\/wp-google-places-review-slider\/public\/partials\/imgs\/stars_5_yellow.png\" alt=\"5 star review\" class=\"wprevpro_t1_star_img_file\">&nbsp;&nbsp;<\/span>Najbolji u gradu\t\t\t\t<\/p>\r\n\t\t\t\t\t\t\t<\/div><span class=\"wprevpro_t1_A_8\"><img src=\"https:\/\/lh5.ggpht.com\/-zlg51DU0WK8\/AAAAAAAAAAI\/AAAAAAAAAAA\/9leVsjF2gyw\/s128-c0x00000000-cc-rp-mo-ba4\/photo.jpg?sz=100\" alt=\"thumb\" class=\"wprevpro_t1_IMG_4\" loading=\"lazy\" \/><\/span> <span class=\"wprevpro_t1_SPAN_5 wprev_preview_tcolor2_T1\">Damjan Jovovic<br\/><span class=\"wprev_showdate_T1\"><\/span> <\/span>\r\n\t\t<\/div>\r\n\t\t\t<div class=\"wprevpro_t1_DIV_1 w3_wprs-col l3\">\r\n\t\t\t<div class=\"wprevpro_t1_DIV_2 wprev_preview_bg1_T1 wprev_preview_bradius_T1\">\r\n\t\t\t\t<p class=\"wprevpro_t1_P_3 wprev_preview_tcolor1_T1\">\r\n\t\t\t\t\t<span class=\"wprevpro_star_imgs_T1\"><img src=\"http:\/\/kristalstaklo.com\/kuhinje-tus-kabine\/wp-content\/plugins\/wp-google-places-review-slider\/public\/partials\/imgs\/stars_5_yellow.png\" alt=\"5 star review\" class=\"wprevpro_t1_star_img_file\">&nbsp;&nbsp;<\/span>Najbolji medju najboljima.\t\t\t\t<\/p>\r\n\t\t\t\t\t\t\t<\/div><span class=\"wprevpro_t1_A_8\"><img src=\"https:\/\/lh3.googleusercontent.com\/a-\/AAuE7mAxngrOEmuRO26_POR5AGv5ljfzY8BP1p4HAKmefg=s128-c0x00000000-cc-rp-mo-ba5?sz=100\" alt=\"thumb\" class=\"wprevpro_t1_IMG_4\" loading=\"lazy\" \/><\/span> <span class=\"wprevpro_t1_SPAN_5 wprev_preview_tcolor2_T1\">Igor Lukac<br\/><span class=\"wprev_showdate_T1\"><\/span> <\/span>\r\n\t\t<\/div>\r\n\t\t<\/div>\r\n<!-- This file should primarily consist of HTML with a little bit of PHP. -->\r\n<\/div>\r\n<\/div><\/div><\/div>\n<div class=\"push\" style='height:30px'><\/div>\n<div class=\"row \"><div class=\"wpv-grid grid-1-1  wpv-first-level first unextended\" style=\"padding-top:0px;padding-bottom:0px\" id=\"wpv-column-767c5b59860cb4ad4884e91e6373277f\" ><div class=\"row \"><div class=\"wpv-grid grid-1-2  first unextended\" style=\"padding-top:0px;padding-bottom:0px\" id=\"wpv-column-9cb82501cda402ae34a8ad92ccf693f4\" ><h2>STAKLENE TU\u0160 KABINE<\/h2>\n<p>Kupatilo ili toalet predstavlja prostoriju u kojoj provodimo dosta vremena. Obi\u010dno nam slu\u017ei za relaksaciju posle napornog dana i zato je va\u017eno da bude ura\u0111eno po va\u0161oj meri. <strong>Staklene tu\u0161 kabine<\/strong> u kupatilu izra\u0111ene <em>po meri<\/em>, uklapaju se uz bilo koje vrste plo\u010dica. Jako je bitno da staklena tu\u0161 kabina bude uklopljena, a mi smo tu da je uradimo po va\u0161oj meri i dobijete jednu lepu i kvalitetnu staklenu tu\u0161 kabinu.<\/p>\n<p>Pro\u010ditajte vi\u0161e na na\u0161oj stranici <em><strong>&#8222;Staklene tu\u0161 kabine&#8220;<\/strong><\/em> ra\u0111enim po meri, kliknite <a href=\"https:\/\/kristalstaklo.com\/kuhinje-tus-kabine\/staklene-tus-kabine\/\">ovde<\/a>.<\/div>\n<div class=\"wpv-grid grid-1-2  unextended\" style=\"padding-top:0px;padding-bottom:0px\" id=\"wpv-column-bf1ae7cbd97eda8920aae39bc2a4f5f3\" ><h2>STAKLA ZA KUHINJE<\/h2>\n<p><strong>Stakla za kuhinje<\/strong> ili <strong>staklo u kuhinji<\/strong> daje kuhinji jednu novu dimenziju i moderan izgled, za razliku od polo\u010dica. Staklo mo\u017eete kombinovati sa led rasvetom, tako da vam bude zadovoljstvo da spremate ru\u010dak u va\u0161oj kuhinji. Iako imate ve\u0107 plo\u010dice, mo\u017eemo da uradimo po meri staklo koje se stavlja preko plo\u010dica i daje novu dimenziju izgleda. <em>Staklo za kuhinju<\/em> mo\u017ee biti sa \u0161arom po \u017eelji, pe\u0161\u010dano ili u boji ili&#8230; \u0160ta zamislite mi \u0107emo da uradimo za va\u0161u kuhinju.<\/p>\n<p>Kliknite <a href=\"https:\/\/kristalstaklo.com\/kuhinje-tus-kabine\/stakla-za-kuhinje\/\">ovde<\/a> i pro\u010ditajte vi\u0161e o <strong>&#8222;Stakla za kuhinje&#8220;<\/strong> po meri i \u017eelji.<\/div><\/div><\/div><\/div>\n","protected":false},"excerpt":{"rendered":"<p>&nbsp;<\/p>\n","protected":false},"author":1,"featured_media":0,"parent":0,"menu_order":0,"comment_status":"closed","ping_status":"closed","template":"","meta":{"ngg_post_thumbnail":0},"_links":{"self":[{"href":"http:\/\/kristalstaklo.com\/kuhinje-tus-kabine\/wp-json\/wp\/v2\/pages\/8"}],"collection":[{"href":"http:\/\/kristalstaklo.com\/kuhinje-tus-kabine\/wp-json\/wp\/v2\/pages"}],"about":[{"href":"http:\/\/kristalstaklo.com\/kuhinje-tus-kabine\/wp-json\/wp\/v2\/types\/page"}],"author":[{"embeddable":true,"href":"http:\/\/kristalstaklo.com\/kuhinje-tus-kabine\/wp-json\/wp\/v2\/users\/1"}],"replies":[{"embeddable":true,"href":"http:\/\/kristalstaklo.com\/kuhinje-tus-kabine\/wp-json\/wp\/v2\/comments?post=8"}],"version-history":[{"count":86,"href":"http:\/\/kristalstaklo.com\/kuhinje-tus-kabine\/wp-json\/wp\/v2\/pages\/8\/revisions"}],"predecessor-version":[{"id":884,"href":"http:\/\/kristalstaklo.com\/kuhinje-tus-kabine\/wp-json\/wp\/v2\/pages\/8\/revisions\/884"}],"wp:attachment":[{"href":"http:\/\/kristalstaklo.com\/kuhinje-tus-kabine\/wp-json\/wp\/v2\/media?parent=8"}],"curies":[{"name":"wp","href":"https:\/\/api.w.org\/{rel}","templated":true}]}}