{"id":637,"date":"2018-11-05T17:45:01","date_gmt":"2018-11-05T16:45:01","guid":{"rendered":"http:\/\/kristalstaklo.com\/kuhinje-tus-kabine\/?page_id=637"},"modified":"2018-11-14T23:22:00","modified_gmt":"2018-11-14T22:22:00","slug":"laminirana-stakla","status":"publish","type":"page","link":"http:\/\/kristalstaklo.com\/kuhinje-tus-kabine\/laminirana-stakla\/","title":{"rendered":"Laminirana stakla"},"content":{"rendered":"\t\t<div class=\"sep-text single centered\">\n\t\t\t\t\t\t\t<span class=\"sep-text-before\"><div class=\"sep-text-line\"><\/div><\/span>\n\t\t\t\t\t\t<div class=\"content\">\n\t\t\t\t\t\t\t\t\t\n<h1 style=\"text-align: center;\">LAMINIRANA STAKLA<\/h1>\n\t\t\t\t\t\t\t<\/div>\n\t\t\t<span class=\"sep-text-after\"><div class=\"sep-text-line\"><\/div><\/span>\n\t\t\t\t\t<\/div>\n\t\n<div class=\"push\" style='height:30px'><\/div>\n<p>Sigurnosno laminirano staklo<\/p>\n<p>Laminirano staklo sastoji se iz vi\u0161e slojeva, spojeno specijalnom folijom odgovaraju\u0107om tehnologijom.<\/p>\n<p>Laminirano staklo mo\u017ee da se pravi u velikom broju kombinacija u zavisnosti od potrebe i zahteva koji treba zadovoljiti. Kako \u0107e se izvr\u0161iti kombinacija stakla i folije, zavisi od svrhe primene koju treba da zadovolji proizvod: za\u0161tita od udara, za\u0161tita od kra\u0111e i za\u0161tita od probijanja metka (pancir staklo).<\/p>\n<p>Po potrebi ova stakla mogu biti kako ravna tako i savijena.<\/p>\n<!-- index.php -->\n<div\n\tclass=\"ngg-galleryoverview ngg-ajax-pagination-none\"\n\tid=\"ngg-gallery-ab270ebf5bb7e9241c54be2ab7625bff-1\">\n\n    \t\t<!-- Thumbnails -->\n\t\t\t\t<div id=\"ngg-image-0\" class=\"ngg-gallery-thumbnail-box\" >\n\t\t\t\t        <div class=\"ngg-gallery-thumbnail\">\n            <a href=\"http:\/\/kristalstaklo.com\/kuhinje-tus-kabine\/wp-content\/gallery\/laminirana-stakla\/p1.jpg\"\n               title=\"\"\n               data-src=\"http:\/\/kristalstaklo.com\/kuhinje-tus-kabine\/wp-content\/gallery\/laminirana-stakla\/p1.jpg\"\n               data-thumbnail=\"http:\/\/kristalstaklo.com\/kuhinje-tus-kabine\/wp-content\/gallery\/laminirana-stakla\/thumbs\/thumbs_p1.jpg\"\n               data-image-id=\"114\"\n               data-title=\"p1\"\n               data-description=\"\"\n               data-image-slug=\"p1\"\n               class=\"ngg-fancybox\" rel=\"ab270ebf5bb7e9241c54be2ab7625bff\">\n                <img\n                    title=\"p1\"\n                    alt=\"p1\"\n                    src=\"http:\/\/kristalstaklo.com\/kuhinje-tus-kabine\/wp-content\/gallery\/laminirana-stakla\/thumbs\/thumbs_p1.jpg\"\n                    width=\"240\"\n                    height=\"160\"\n                    style=\"max-width:100%;\"\n                \/>\n            <\/a>\n        <\/div>\n\t\t\t\t\t\t\t<\/div> \n\t\t\t\n        \n\t\t\t\t<div id=\"ngg-image-1\" class=\"ngg-gallery-thumbnail-box\" >\n\t\t\t\t        <div class=\"ngg-gallery-thumbnail\">\n            <a href=\"http:\/\/kristalstaklo.com\/kuhinje-tus-kabine\/wp-content\/gallery\/laminirana-stakla\/p5.jpg\"\n               title=\"\"\n               data-src=\"http:\/\/kristalstaklo.com\/kuhinje-tus-kabine\/wp-content\/gallery\/laminirana-stakla\/p5.jpg\"\n               data-thumbnail=\"http:\/\/kristalstaklo.com\/kuhinje-tus-kabine\/wp-content\/gallery\/laminirana-stakla\/thumbs\/thumbs_p5.jpg\"\n               data-image-id=\"115\"\n               data-title=\"p5\"\n               data-description=\"\"\n               data-image-slug=\"p5\"\n               class=\"ngg-fancybox\" rel=\"ab270ebf5bb7e9241c54be2ab7625bff\">\n                <img\n                    title=\"p5\"\n                    alt=\"p5\"\n                    src=\"http:\/\/kristalstaklo.com\/kuhinje-tus-kabine\/wp-content\/gallery\/laminirana-stakla\/thumbs\/thumbs_p5.jpg\"\n                    width=\"240\"\n                    height=\"160\"\n                    style=\"max-width:100%;\"\n                \/>\n            <\/a>\n        <\/div>\n\t\t\t\t\t\t\t<\/div> \n\t\t\t\n        \n\t\t\t\t<div id=\"ngg-image-2\" class=\"ngg-gallery-thumbnail-box\" >\n\t\t\t\t        <div class=\"ngg-gallery-thumbnail\">\n            <a href=\"http:\/\/kristalstaklo.com\/kuhinje-tus-kabine\/wp-content\/gallery\/laminirana-stakla\/p6.jpg\"\n               title=\"\"\n               data-src=\"http:\/\/kristalstaklo.com\/kuhinje-tus-kabine\/wp-content\/gallery\/laminirana-stakla\/p6.jpg\"\n               data-thumbnail=\"http:\/\/kristalstaklo.com\/kuhinje-tus-kabine\/wp-content\/gallery\/laminirana-stakla\/thumbs\/thumbs_p6.jpg\"\n               data-image-id=\"116\"\n               data-title=\"p6\"\n               data-description=\"\"\n               data-image-slug=\"p6\"\n               class=\"ngg-fancybox\" rel=\"ab270ebf5bb7e9241c54be2ab7625bff\">\n                <img\n                    title=\"p6\"\n                    alt=\"p6\"\n                    src=\"http:\/\/kristalstaklo.com\/kuhinje-tus-kabine\/wp-content\/gallery\/laminirana-stakla\/thumbs\/thumbs_p6.jpg\"\n                    width=\"240\"\n                    height=\"160\"\n                    style=\"max-width:100%;\"\n                \/>\n            <\/a>\n        <\/div>\n\t\t\t\t\t\t\t<\/div> \n\t\t\t\n        \n\t\t\t\t<div id=\"ngg-image-3\" class=\"ngg-gallery-thumbnail-box\" >\n\t\t\t\t        <div class=\"ngg-gallery-thumbnail\">\n            <a href=\"http:\/\/kristalstaklo.com\/kuhinje-tus-kabine\/wp-content\/gallery\/laminirana-stakla\/p7.jpg\"\n               title=\"\"\n               data-src=\"http:\/\/kristalstaklo.com\/kuhinje-tus-kabine\/wp-content\/gallery\/laminirana-stakla\/p7.jpg\"\n               data-thumbnail=\"http:\/\/kristalstaklo.com\/kuhinje-tus-kabine\/wp-content\/gallery\/laminirana-stakla\/thumbs\/thumbs_p7.jpg\"\n               data-image-id=\"117\"\n               data-title=\"p7\"\n               data-description=\"\"\n               data-image-slug=\"p7\"\n               class=\"ngg-fancybox\" rel=\"ab270ebf5bb7e9241c54be2ab7625bff\">\n                <img\n                    title=\"p7\"\n                    alt=\"p7\"\n                    src=\"http:\/\/kristalstaklo.com\/kuhinje-tus-kabine\/wp-content\/gallery\/laminirana-stakla\/thumbs\/thumbs_p7.jpg\"\n                    width=\"240\"\n                    height=\"160\"\n                    style=\"max-width:100%;\"\n                \/>\n            <\/a>\n        <\/div>\n\t\t\t\t\t\t\t<\/div> \n\t\t\t\n        \n\t\t\n\t\t<!-- Pagination -->\n\t<div class='ngg-clear'><\/div>\t<\/div>\n\n","protected":false},"excerpt":{"rendered":"<p>Sigurnosno laminirano staklo Laminirano staklo sastoji se iz vi\u0161e slojeva, spojeno specijalnom folijom odgovaraju\u0107om tehnologijom. Laminirano staklo mo\u017ee da se pravi u velikom broju kombinacija u zavisnosti od potrebe i zahteva koji treba zadovoljiti. Kako \u0107e se izvr\u0161iti kombinacija stakla i folije, zavisi od svrhe primene koju treba da zadovolji proizvod: za\u0161tita od udara, za\u0161tita&#8230;<\/p>\n","protected":false},"author":1,"featured_media":0,"parent":0,"menu_order":0,"comment_status":"closed","ping_status":"closed","template":"","meta":{"ngg_post_thumbnail":0},"_links":{"self":[{"href":"http:\/\/kristalstaklo.com\/kuhinje-tus-kabine\/wp-json\/wp\/v2\/pages\/637"}],"collection":[{"href":"http:\/\/kristalstaklo.com\/kuhinje-tus-kabine\/wp-json\/wp\/v2\/pages"}],"about":[{"href":"http:\/\/kristalstaklo.com\/kuhinje-tus-kabine\/wp-json\/wp\/v2\/types\/page"}],"author":[{"embeddable":true,"href":"http:\/\/kristalstaklo.com\/kuhinje-tus-kabine\/wp-json\/wp\/v2\/users\/1"}],"replies":[{"embeddable":true,"href":"http:\/\/kristalstaklo.com\/kuhinje-tus-kabine\/wp-json\/wp\/v2\/comments?post=637"}],"version-history":[{"count":2,"href":"http:\/\/kristalstaklo.com\/kuhinje-tus-kabine\/wp-json\/wp\/v2\/pages\/637\/revisions"}],"predecessor-version":[{"id":728,"href":"http:\/\/kristalstaklo.com\/kuhinje-tus-kabine\/wp-json\/wp\/v2\/pages\/637\/revisions\/728"}],"wp:attachment":[{"href":"http:\/\/kristalstaklo.com\/kuhinje-tus-kabine\/wp-json\/wp\/v2\/media?parent=637"}],"curies":[{"name":"wp","href":"https:\/\/api.w.org\/{rel}","templated":true}]}}