{"id":594,"date":"2018-09-28T00:17:31","date_gmt":"2018-09-27T22:17:31","guid":{"rendered":"http:\/\/kristalstaklo.com\/kuhinje-tus-kabine\/?page_id=594"},"modified":"2018-11-14T23:23:37","modified_gmt":"2018-11-14T22:23:37","slug":"ogledala","status":"publish","type":"page","link":"http:\/\/kristalstaklo.com\/kuhinje-tus-kabine\/ogledala\/","title":{"rendered":"Ogledala"},"content":{"rendered":"\t\t<div class=\"sep-text single centered\">\n\t\t\t\t\t\t\t<span class=\"sep-text-before\"><div class=\"sep-text-line\"><\/div><\/span>\n\t\t\t\t\t\t<div class=\"content\">\n\t\t\t\t\t\t\t\t\t\n<h1 style=\"text-align: center;\">OGLEDALA I RAMOVI<\/h1>\n\t\t\t\t\t\t\t<\/div>\n\t\t\t<span class=\"sep-text-after\"><div class=\"sep-text-line\"><\/div><\/span>\n\t\t\t\t\t<\/div>\n\t\n<div class=\"push\" style='height:30px'><\/div>\n<div class=\"row \"><div class=\"wpv-grid grid-1-1  wpv-first-level first unextended animation-fade-in animated-active\" style=\"padding-top:0px;padding-bottom:0px\" id=\"wpv-column-c0eac9a773fe0ffef846b016dd8e493a\" ><p>Ogledala se koriste za dekoraciju enterijera, stanova, poslovnih prostora i sli\u010dno. \u0160iroku primenu nalazi osim u doma\u0107instvima i u namenskoj indusriji, medicini, prevoznim sredstvima, kriminalistici i ostalim granama.<\/p>\n<p>Kod nas mo\u017eete poru\u010diti ogledala raznih dimenzija zavisno od va\u0161e potrebe i u razli\u010ditim bojama.<\/p>\n<p>Ogledala su vrhunskog kvaliteta najpoznatiijih svetskih proizvo\u0111a\u010da.<\/p>\n<p><!-- index.php -->\n<div\n\tclass=\"ngg-galleryoverview ngg-ajax-pagination-none\"\n\tid=\"ngg-gallery-ed5468440c118b3337426de218940e96-1\">\n\n    \t\t<!-- Thumbnails -->\n\t\t\t\t<div id=\"ngg-image-0\" class=\"ngg-gallery-thumbnail-box\" >\n\t\t\t\t        <div class=\"ngg-gallery-thumbnail\">\n            <a href=\"http:\/\/kristalstaklo.com\/kuhinje-tus-kabine\/wp-content\/gallery\/ogledala-3\/o1.jpg\"\n               title=\"\"\n               data-src=\"http:\/\/kristalstaklo.com\/kuhinje-tus-kabine\/wp-content\/gallery\/ogledala-3\/o1.jpg\"\n               data-thumbnail=\"http:\/\/kristalstaklo.com\/kuhinje-tus-kabine\/wp-content\/gallery\/ogledala-3\/thumbs\/thumbs_o1.jpg\"\n               data-image-id=\"106\"\n               data-title=\"o1\"\n               data-description=\"\"\n               data-image-slug=\"o1\"\n               class=\"ngg-fancybox\" rel=\"ed5468440c118b3337426de218940e96\">\n                <img\n                    title=\"o1\"\n                    alt=\"o1\"\n                    src=\"http:\/\/kristalstaklo.com\/kuhinje-tus-kabine\/wp-content\/gallery\/ogledala-3\/thumbs\/thumbs_o1.jpg\"\n                    width=\"240\"\n                    height=\"160\"\n                    style=\"max-width:100%;\"\n                \/>\n            <\/a>\n        <\/div>\n\t\t\t\t\t\t\t<\/div> \n\t\t\t\n        \n\t\t\t\t<div id=\"ngg-image-1\" class=\"ngg-gallery-thumbnail-box\" >\n\t\t\t\t        <div class=\"ngg-gallery-thumbnail\">\n            <a href=\"http:\/\/kristalstaklo.com\/kuhinje-tus-kabine\/wp-content\/gallery\/ogledala-3\/o2.jpg\"\n               title=\"\"\n               data-src=\"http:\/\/kristalstaklo.com\/kuhinje-tus-kabine\/wp-content\/gallery\/ogledala-3\/o2.jpg\"\n               data-thumbnail=\"http:\/\/kristalstaklo.com\/kuhinje-tus-kabine\/wp-content\/gallery\/ogledala-3\/thumbs\/thumbs_o2.jpg\"\n               data-image-id=\"107\"\n               data-title=\"o2\"\n               data-description=\"\"\n               data-image-slug=\"o2\"\n               class=\"ngg-fancybox\" rel=\"ed5468440c118b3337426de218940e96\">\n                <img\n                    title=\"o2\"\n                    alt=\"o2\"\n                    src=\"http:\/\/kristalstaklo.com\/kuhinje-tus-kabine\/wp-content\/gallery\/ogledala-3\/thumbs\/thumbs_o2.jpg\"\n                    width=\"240\"\n                    height=\"160\"\n                    style=\"max-width:100%;\"\n                \/>\n            <\/a>\n        <\/div>\n\t\t\t\t\t\t\t<\/div> \n\t\t\t\n        \n\t\t\t\t<div id=\"ngg-image-2\" class=\"ngg-gallery-thumbnail-box\" >\n\t\t\t\t        <div class=\"ngg-gallery-thumbnail\">\n            <a href=\"http:\/\/kristalstaklo.com\/kuhinje-tus-kabine\/wp-content\/gallery\/ogledala-3\/o3.jpg\"\n               title=\"\"\n               data-src=\"http:\/\/kristalstaklo.com\/kuhinje-tus-kabine\/wp-content\/gallery\/ogledala-3\/o3.jpg\"\n               data-thumbnail=\"http:\/\/kristalstaklo.com\/kuhinje-tus-kabine\/wp-content\/gallery\/ogledala-3\/thumbs\/thumbs_o3.jpg\"\n               data-image-id=\"108\"\n               data-title=\"o3\"\n               data-description=\"\"\n               data-image-slug=\"o3\"\n               class=\"ngg-fancybox\" rel=\"ed5468440c118b3337426de218940e96\">\n                <img\n                    title=\"o3\"\n                    alt=\"o3\"\n                    src=\"http:\/\/kristalstaklo.com\/kuhinje-tus-kabine\/wp-content\/gallery\/ogledala-3\/thumbs\/thumbs_o3.jpg\"\n                    width=\"240\"\n                    height=\"160\"\n                    style=\"max-width:100%;\"\n                \/>\n            <\/a>\n        <\/div>\n\t\t\t\t\t\t\t<\/div> \n\t\t\t\n        \n\t\t\t\t<div id=\"ngg-image-3\" class=\"ngg-gallery-thumbnail-box\" >\n\t\t\t\t        <div class=\"ngg-gallery-thumbnail\">\n            <a href=\"http:\/\/kristalstaklo.com\/kuhinje-tus-kabine\/wp-content\/gallery\/ogledala-3\/o4.jpg\"\n               title=\"\"\n               data-src=\"http:\/\/kristalstaklo.com\/kuhinje-tus-kabine\/wp-content\/gallery\/ogledala-3\/o4.jpg\"\n               data-thumbnail=\"http:\/\/kristalstaklo.com\/kuhinje-tus-kabine\/wp-content\/gallery\/ogledala-3\/thumbs\/thumbs_o4.jpg\"\n               data-image-id=\"109\"\n               data-title=\"o4\"\n               data-description=\"\"\n               data-image-slug=\"o4\"\n               class=\"ngg-fancybox\" rel=\"ed5468440c118b3337426de218940e96\">\n                <img\n                    title=\"o4\"\n                    alt=\"o4\"\n                    src=\"http:\/\/kristalstaklo.com\/kuhinje-tus-kabine\/wp-content\/gallery\/ogledala-3\/thumbs\/thumbs_o4.jpg\"\n                    width=\"240\"\n                    height=\"160\"\n                    style=\"max-width:100%;\"\n                \/>\n            <\/a>\n        <\/div>\n\t\t\t\t\t\t\t<\/div> \n\t\t\t\n        \n\t\t\n\t\t<!-- Pagination -->\n\t<div class='ngg-clear'><\/div>\t<\/div>\n<\/div><\/div>\n<div class=\"push\" style='height:30px'><\/div>\n\t\t<div class=\"sep-text single centered\">\n\t\t\t\t\t\t\t<span class=\"sep-text-before\"><div class=\"sep-text-line\"><\/div><\/span>\n\t\t\t\t\t\t<div class=\"content\">\n\t\t\t\t\t\t\t\t\t\n<h2 style=\"text-align: center;\">ITALIJANSKI RAMOVI<\/h2>\n\t\t\t\t\t\t\t<\/div>\n\t\t\t<span class=\"sep-text-after\"><div class=\"sep-text-line\"><\/div><\/span>\n\t\t\t\t\t<\/div>\n\t\n<div class=\"row \"><div class=\"wpv-grid grid-1-1  wpv-first-level first unextended animation-fade-in animated-active\" style=\"padding-top:0px;padding-bottom:0px\" id=\"wpv-column-e9eb9a724d5bc67b4fe52d47dde11f22\" ><p>Tako\u0111e, posedujemo i sve vrste italijanskih ramova za ogledala i slike.<\/p>\n<p>Uramljivanje ogledala i opremanje slika vr\u0161i se u Kumodra\u0161koj ulici 184, u radnji opremljenoj za takve vrste usluga.<\/p>\n<p>Naru\u010divanje i dogovor preko telefona 011\/2471-284.<\/p>\n<p><!-- index.php -->\n<div\n\tclass=\"ngg-galleryoverview ngg-ajax-pagination-none\"\n\tid=\"ngg-gallery-70ddf75d802c7100402ae29eb98e9464-1\">\n\n    \t\t<!-- Thumbnails -->\n\t\t\t\t<div id=\"ngg-image-0\" class=\"ngg-gallery-thumbnail-box\" >\n\t\t\t\t        <div class=\"ngg-gallery-thumbnail\">\n            <a href=\"http:\/\/kristalstaklo.com\/kuhinje-tus-kabine\/wp-content\/gallery\/ogledala-2\/mil3.jpg\"\n               title=\"\"\n               data-src=\"http:\/\/kristalstaklo.com\/kuhinje-tus-kabine\/wp-content\/gallery\/ogledala-2\/mil3.jpg\"\n               data-thumbnail=\"http:\/\/kristalstaklo.com\/kuhinje-tus-kabine\/wp-content\/gallery\/ogledala-2\/thumbs\/thumbs_mil3.jpg\"\n               data-image-id=\"103\"\n               data-title=\"mil3\"\n               data-description=\"\"\n               data-image-slug=\"mil3\"\n               class=\"ngg-fancybox\" rel=\"70ddf75d802c7100402ae29eb98e9464\">\n                <img\n                    title=\"mil3\"\n                    alt=\"mil3\"\n                    src=\"http:\/\/kristalstaklo.com\/kuhinje-tus-kabine\/wp-content\/gallery\/ogledala-2\/thumbs\/thumbs_mil3.jpg\"\n                    width=\"240\"\n                    height=\"160\"\n                    style=\"max-width:100%;\"\n                \/>\n            <\/a>\n        <\/div>\n\t\t\t\t\t\t\t<\/div> \n\t\t\t\n        \n\t\t\t\t<div id=\"ngg-image-1\" class=\"ngg-gallery-thumbnail-box\" >\n\t\t\t\t        <div class=\"ngg-gallery-thumbnail\">\n            <a href=\"http:\/\/kristalstaklo.com\/kuhinje-tus-kabine\/wp-content\/gallery\/ogledala-2\/mil5.jpg\"\n               title=\"\"\n               data-src=\"http:\/\/kristalstaklo.com\/kuhinje-tus-kabine\/wp-content\/gallery\/ogledala-2\/mil5.jpg\"\n               data-thumbnail=\"http:\/\/kristalstaklo.com\/kuhinje-tus-kabine\/wp-content\/gallery\/ogledala-2\/thumbs\/thumbs_mil5.jpg\"\n               data-image-id=\"104\"\n               data-title=\"mil5\"\n               data-description=\"\"\n               data-image-slug=\"mil5\"\n               class=\"ngg-fancybox\" rel=\"70ddf75d802c7100402ae29eb98e9464\">\n                <img\n                    title=\"mil5\"\n                    alt=\"mil5\"\n                    src=\"http:\/\/kristalstaklo.com\/kuhinje-tus-kabine\/wp-content\/gallery\/ogledala-2\/thumbs\/thumbs_mil5.jpg\"\n                    width=\"240\"\n                    height=\"160\"\n                    style=\"max-width:100%;\"\n                \/>\n            <\/a>\n        <\/div>\n\t\t\t\t\t\t\t<\/div> \n\t\t\t\n        \n\t\t\t\t<div id=\"ngg-image-2\" class=\"ngg-gallery-thumbnail-box\" >\n\t\t\t\t        <div class=\"ngg-gallery-thumbnail\">\n            <a href=\"http:\/\/kristalstaklo.com\/kuhinje-tus-kabine\/wp-content\/gallery\/ogledala-2\/mil11.jpg\"\n               title=\"\"\n               data-src=\"http:\/\/kristalstaklo.com\/kuhinje-tus-kabine\/wp-content\/gallery\/ogledala-2\/mil11.jpg\"\n               data-thumbnail=\"http:\/\/kristalstaklo.com\/kuhinje-tus-kabine\/wp-content\/gallery\/ogledala-2\/thumbs\/thumbs_mil11.jpg\"\n               data-image-id=\"105\"\n               data-title=\"mil11\"\n               data-description=\"\"\n               data-image-slug=\"mil11\"\n               class=\"ngg-fancybox\" rel=\"70ddf75d802c7100402ae29eb98e9464\">\n                <img\n                    title=\"mil11\"\n                    alt=\"mil11\"\n                    src=\"http:\/\/kristalstaklo.com\/kuhinje-tus-kabine\/wp-content\/gallery\/ogledala-2\/thumbs\/thumbs_mil11.jpg\"\n                    width=\"240\"\n                    height=\"160\"\n                    style=\"max-width:100%;\"\n                \/>\n            <\/a>\n        <\/div>\n\t\t\t\t\t\t\t<\/div> \n\t\t\t\n        \n\t\t\n\t\t<!-- Pagination -->\n\t<div class='ngg-clear'><\/div>\t<\/div>\n<\/div><\/div>\n","protected":false},"excerpt":{"rendered":"","protected":false},"author":1,"featured_media":0,"parent":0,"menu_order":0,"comment_status":"closed","ping_status":"closed","template":"","meta":{"ngg_post_thumbnail":0},"_links":{"self":[{"href":"http:\/\/kristalstaklo.com\/kuhinje-tus-kabine\/wp-json\/wp\/v2\/pages\/594"}],"collection":[{"href":"http:\/\/kristalstaklo.com\/kuhinje-tus-kabine\/wp-json\/wp\/v2\/pages"}],"about":[{"href":"http:\/\/kristalstaklo.com\/kuhinje-tus-kabine\/wp-json\/wp\/v2\/types\/page"}],"author":[{"embeddable":true,"href":"http:\/\/kristalstaklo.com\/kuhinje-tus-kabine\/wp-json\/wp\/v2\/users\/1"}],"replies":[{"embeddable":true,"href":"http:\/\/kristalstaklo.com\/kuhinje-tus-kabine\/wp-json\/wp\/v2\/comments?post=594"}],"version-history":[{"count":4,"href":"http:\/\/kristalstaklo.com\/kuhinje-tus-kabine\/wp-json\/wp\/v2\/pages\/594\/revisions"}],"predecessor-version":[{"id":729,"href":"http:\/\/kristalstaklo.com\/kuhinje-tus-kabine\/wp-json\/wp\/v2\/pages\/594\/revisions\/729"}],"wp:attachment":[{"href":"http:\/\/kristalstaklo.com\/kuhinje-tus-kabine\/wp-json\/wp\/v2\/media?parent=594"}],"curies":[{"name":"wp","href":"https:\/\/api.w.org\/{rel}","templated":true}]}}